
False
Is 51775277 prime?
False
Is 13959887 a composite number?
False
Is 3387747035 composite?
True
Is 4196744873 a prime number?
True
Is 133410479 prime?
True
Is 639205989 a composite number?
True
Is 61686222281 composite?
False
Is 8482484651 composite?
False
Is 145940228531 composite?
True
Is 43432202057 a composite number?
False
Is 23768667121 a composite number?
False
Is 242274139 prime?
True
Is 15329177 a prime number?
False
Is 3730688251 composite?
True
Is 1302418571 a prime number?
True
Is 80207622217 a prime number?
True
Is 235554317 prime?
True
Is 6411631969 a prime number?
False
Is 217382527 composite?
False
Is 726508589 composite?
False
Is 35377260649 prime?
True
Is 349975483673 composite?
False
Is 104998184519 composite?
False
Is 7596660989 composite?
False
Is 90040083379 a composite number?
True
Is 702191869 a prime number?
False
Is 6597400127 prime?
True
Is 1202093797 composite?
True
Is 1072912781 a composite number?
True
Is 769088581 a composite number?
False
Is 2107095499 prime?
False
Is 4753076962 prime?
False
Is 291513869 a composite number?
False
Is 591945689 a prime number?
True
Is 5289118169 a prime number?
False
Is 2568133583 a composite number?
False
Is 10914019517 a composite number?
True
Is 960349139 composite?
False
Is 964986433 a composite number?
False
Is 921195403 a composite number?
False
Is 10924539827 a prime number?
True
Is 6667466405 prime?
False
Is 837244211 prime?
False
Is 10213150001 prime?
True
Is 62897515147 a composite number?
False
Is 1794581069 composite?
False
Is 4739112239 prime?
True
Is 107223749 a prime number?
False
Is 3069801499 a prime number?
False
Is 742145329 a composite number?
True
Is 14408274151 composite?
False
Is 14250670531 a prime number?
True
Is 112475815 prime?
False
Is 4314309721 prime?
True
Is 8238599 composite?
True
Is 467972657 a prime number?
False
Is 4538954677 a prime number?
True
Is 25720354619 prime?
True
Is 16397006201 a prime number?
False
Is 29761245079 a prime number?
False
Is 14582526773 prime?
True
Is 3226868573 composite?
False
Is 4972539821 a composite number?
True
Is 2050900429 a prime number?
True
Is 2408424547 a prime number?
False
Is 3574972193 prime?
False
Is 307814663 a prime number?
False
Is 10758417349 a composite number?
False
Is 2030623619 prime?
True
Is 520145533 prime?
True
Is 511137701 a prime number?
True
Is 1863033043 a composite number?
True
Is 37936670243 composite?
True
Is 2091899638 a composite number?
True
Is 548864539 a composite number?
False
Is 436974437 a prime number?
True
Is 6351730487 prime?
True
Is 8959647443 a composite number?
True
Is 27904922477 composite?
True
Is 4623132551 prime?
False
Is 13607840513 prime?
True
Is 224615533 a composite number?
False
Is 50798931739 a composite number?
False
Is 60761162733 composite?
True
Is 9271511419 prime?
False
Is 9908929361 a prime number?
True
Is 9583651351 composite?
False
Is 652764221 a prime number?
False
Is 581007179 composite?
True
Is 66059932901 prime?
False
Is 8995823617 prime?
False
Is 10055922269 composite?
False
Is 1890413929 composite?
True
Is 22549173289 composite?
False
Is 280693691 a prime number?
True
Is 1623921989 a composite number?
False
Is 5037299601 a prime number?
False
Is 5233796419 a prime number?
True
Is 61883573 prime?
False
Is 1833889513 composite?
True
Is 11673646897 prime?
False
Is 1574802977 a prime number?
False
Is 13516734659 a composite number?
True
Is 126068135161 a composite number?
True
Is 1104776207 prime?
True
Is 1729853305 composite?
True
Is 3329828443 composite?
False
Is 59523704699 a prime number?
False
Is 9345898699 composite?
True
Is 4428934417 prime?
False
Is 886035487 prime?
True
Is 4804023457 a composite number?
False
Is 7196459657 composite?
False
Is 69819414413 prime?
False
Is 1453025689 a composite number?
False
Is 576170633 composite?
True
Is 17730293057 composite?
True
Is 58404281893 a composite number?
True
Is 6017983837 a composite number?
False
Is 10223388053 composite?
False
Is 26244439589 a composite number?
False
Is 724554877 composite?
False
Is 32715299527 a prime number?
False
Is 18426262993 a prime number?
True
Is 520869639457 prime?
True
Is 10054918495 composite?
True
Is 14466440147 a prime number?
True
Is 113856730837 prime?
False
Is 45364499119 a prime number?
False
Is 16963061983 a composite number?
True
Is 2015120747 prime?
False
Is 36209288657 a prime number?
True
Is 590960399 a composite number?
False
Is 13103182949 a prime number?
True
Is 1218180017 composite?
False
Is 57636108077 a prime number?
True
Is 7628251619 a prime number?
True
Is 94571131 composite?
True
Is 7227930859 composite?
True
Is 6676631987 prime?
True
Is 64434840269 a composite number?
True
Is 1326616197 a prime number?
False
Is 676395871 a prime number?
False
Is 279626843 a prime number?
False
Is 238746869 composite?
False
Is 187968823 a prime number?
False
Is 15029504219 a composite number?
False
Is 3361465189 a prime number?
False
Is 14057227343 composite?
True
Is 371610583 composite?
False
Is 55348106615 a prime number?
False
Is 43717769 prime?
True
Is 70294098491 prime?
True
Is 114329695 prime?
False
Is 2269314319 prime?
True
Is 1432373051 composite?
True
Is 41789747 a prime number?
True
Is 2000746633 a composite number?
False
Is 31295492171 a composite number?
False
Is 4014532487 a prime number?
False
Is 8327046907 a prime number?
True
Is 3473017517 a prime number?
False
Is 11123228669 prime?
False
Is 9857584181 a composite number?
True
Is 105695368537 composite?
True
Is 1477395779 a prime number?
False
Is 34112694821 a composite number?
True
Is 84517108253 a prime number?
False
Is 5151031661 a prime number?
True
Is 25215458221 a prime number?
False
Is 14145539359 prime?
False
Is 1780717661 a composite number?
True
Is 375623531561 a prime number?
True
Is 258486354047 a prime number?
True
Is 3548645 a composite number?
True
Is 207398684033 a prime number?
True
Is 63631265363 prime?
False
Is 19505750419 a composite number?
True
Is 4888920269 composite?
False
Is 553512787 prime?
True
Is 72027253 composite?
True
Is 63686490323 composite?
True
Is 24451201861 a composite number?
True
Is 129019769 composite?
False
Is 949799113 composite?
True
Is 22782215387 a composite number?
True
Is 64257797 prime?
True
Is 81759617547 prime?
False
Is 360168113 a prime number?
True
Is 1261661833 prime?
True
Is 54619237615 composite?
True
Is 2083676393 a prime number?
True
Is 1370408951 composite?
False
Is 1629323021 a prime number?
True
Is 16389916493 a composite number?
True
Is 1990772423 a prime number?
True
Is 16163546389 prime?
True
Is 182943841 prime?
False
Is 37812367909 a prime number?
True
Is 165644681 a prime number?
True
Is 6019441187 composite?
False
Is 51646031617 prime?
False
Is 31929904121 composite?
False
Is 18449790059 a composite number?
True
Is 38727889 prime?
False
Is 13870033043 a prime number?
True
Is 258124939 a composite number?
False
Is 25197736393 prime?
True
Is 1532037079 composite?
True
Is 3304720033 a composite number?
True
Is 6004125311 a prime number?
False
Is 78863865321 prime?
False
Is 2427399487 composite?
False
Is 2123871121 prime?
False
Is 10306108511 a prime number?
True
Is 1465802773 composite?
False
Is 5923463761 composite?
False
Is 47947889 prime?
False
Is 174454249 composite?
False
Is 3450193399 a prime number?
True
Is 892542977 prime?
False
Is 178269319 prime?
True
Is 486846487 a prime number?
False
Is 1269505807 a prime number?
False
Is 25080918677 prime?
True
Is 14533551211 a composite number?
False
Is 249806701 a prime number?
True
Is 2771882965 prime?
False
Is 3424558301 prime?
False
Is 1948035543 a prime number?
False
Is 492100351 a composite number?
True
Is 25617614257 composite?
True
Is 854876411 a prime number?
False
Is 1718997587 composite?
False
Is 31653251549 a prime number?
True
Is 21071275963 composite?
False
Is 33674640479 composite?
False
Is 49150912159 a composite number?
True
Is 64522900343 composite?
True
Is 7699864793 a prime number?
True
Is 18487277155 a prime number?
False
Is 62398737287 prime?
False
Is 12449508703 a prime number?
False
Is 304108397 a composite number?
False
Is 5187131717 a prime number?
False
Is 3911917421 a composite number?
True
Is 275884079 composite?
True
Is 9701229971 a prime number?
True
Is 